 + (-1 - 0))) - -35?
44
What is the value of (-3 - ((21 - 16) + 5 + (-7 - 1))) + 79?
74
(4992 - 4988) + (-40 - (2 - 1))
-37
What is (-51 - (3 + -90)) + -78?
-42
What is the value of (14 - (7 - 1) - -1) + -2 + (-4 - 60)?
-57
What is 1 - -14 - (-13 - -4 - (-554 + 467))?
-63
What is the value of -92 + 48 - (-41 - -69)?
-72
What is the value of -4 - ((-7 - (12 - (1 + 17))) + -1)?
-2
Evaluate 8 + (11 - (-66 - -45)).
40
What is (-1 + (-6 - -1) - 4) + 390 + -413?
-33
What is the value of -3 + 0 + (156 - (93 + 4))?
56
Calculate 136 + -125 - (-45 + (3 - (9 - 5)) - 4).
61
What is the value of (1 - -93) + (-8283 - -8226)?
37
Evaluate -1 + 21 + (573 - 549) + 27.
71
17 + (23 - 0) - (-22 + 44)
18
4 + 1 + 7 + -3 - (-31 + -18 + 66)
-8
48 + 1 - (-41 - -21 - -20 - (3 - 1))
51
What is 56 - (-4 - -5 - ((-12 - (-21 + 6)) + 1))?
59
Evaluate -1678 + 1633 + (12 - (-1 + 0)).
-32
What is -9 + (-39 - -28) + 10?
-10
What is the value of -20 + (-24 - (-55 - (-2 - 14)))?
-5
What is -10 + 46 + -46 - (9 - -7)?
-26
What is (6 - -2) + (26 + -43 - 34) + (-1 - 11)?
-55
What is -18 + (-5 - ((-12 - (-7 - 8)) + -29))?
3
-1 + 11 + -30 + -21 + 28
-13
What is the value of 4 + -1 - -1 - (-19 + (59 - 55))?
19
What is (4 - (6 + -4 + -38)) + (3136 - 3151)?
25
9 + (-12 + -10 - (2 + -20)) + 15 + -5
15
Calculate -65 - (2 + -14 + -12 + (-56 - -61)).
-46
Calculate 5 + -1 - (73 + (17 - 50) - 27).
-9
Calculate -102 + 42 + (9 - -4).
-47
What is the value of -52 - (-19 + -3 + 3)?
-33
Evaluate -2654 - -2658 - (-73 - 2).
79
54 + -38 + (1 - -1 - -1) + 62
81
(304 - 283) + -4 + (-50 - 4)
-37
Evaluate (23 + 12 + -22 - -20) + -13.
20
What is -33 + -41 + 49 + -7 + -1 + (9 - 0)?
-24
92 - (-2 + -13 - (13 - 56 - -40))
104
Evaluate (80 - 63 - (7 + -8 - -11)) + 67.
74
Calculate (64 - 149) + 65 - (-6 + -120 - 0).
106
What is -40 + 43 + 39 - 34?
8
Calculate -16 + -11 + 3 + 8 + 4.
-12
(-14 - -20) + -11 + 17 + -4
8
What is the value of -11789 + 11899 + -11 + 2?
101
Calculate -74 + (-37 - (-84 - 0)).
-27
What is the value of -23 - (2 - 3 - -6 - ((5 - 6) + 6))?
-23
Calculate 67 - 26 - (12 + 8 + -17).
38
What is -4 - (19 + -6 + -7 - (0 - (-2 + 1)))?
-9
-29 - -1 - (4 + -515 + 516 + -5 + 0)
-28
What is -5 + 55 + -24 + -2 + -31?
-7
Evaluate 6 + 7 + 3 + -4 + -41 + 21 + -12.
-20
Evaluate (-110 + 119 - (1 + -1) - 15) + -1.
-7
Calculate 1 + (-23 - -2) - (-2237 + 2329).
-112
What is the value of (-13 - -16) + 48 + 1 - (34 - (20 + 1))?
39
Calculate (-5 - 40) + 8 + -4 + 3 + -3.
-41
Evaluate 21 + (-20 - -13) - (-4 - -10).
8
What is 22 - (-14 - (18 - 36)) - -32?
50
What is the value of -1 - -98 - (-1279 + 1332)?
44
Evaluate -5 + 28 + -14 - -23.
32
Calculate (11 - 4) + (-25 - -12) + (17 - 5).
6
-7 + -22 + -2 + 26 - -48
43
Evaluate ((7 - (-14 + -23)) + 14 - -15) + 3.
76
-29 + 53 - 70 - 44
-90
16 - (-15 - (26 + -13 - 31))
13
Evaluate 68 + -44 - (1 + 31).
-8
-70 + (43 - 145 - -122)
-50
Calculate 24 + -30 + 25 + (-51 - -2).
-30
Calculate -7 - (-1 + 5) - ((-9 - -33) + -25) - -33.
23
What is the value of (47 - (23 + -10)) + -9 + (-1 - 5 - -5)?
24
What is the value of (229 + -117 - 291) + 70?
-109
What is the value of -157 + 163 - (4 + 10 + 8)?
-16
What is the value of (27 - (3 + 1)) + -94 + 47?
-24
What is 51 + (-54 - (-53 - -86))?
-36
Evaluate -3 - ((-1 + 3 - 1 - (-585 - -586)) + 2).
-5
What is 13 - (-5 + -3 - -3 - (-28 + 8 - -56))?
54
-24 + (16 - -10) - (-3 + (-2 - 12))
19
What is -74 + 1 + (-31 - (-52 - -40))?
-92
Calculate -19 + (3 - (-3 - (-1 - (5 + -5)))) + 1.
-13
Calculate -4 - (-1 - -3) - (-51 - -43).
2
-6 + (17 - (8 + -19)) - 56
-34
What is the value of (132 - -27) + -94 + 4 + 36?
105
What is the value of -5 - (1 - 6) - 40 - (-763 + 752)?
-29
Evaluate 65 + -66 - (1 + -7 + (57 - 4)).
-48
What is -31 + -98 + 190 + 12?
73
28 + (3 - 38 - -10)
3
Calculate (1 - (1 + 0)) + -8 + 48 - (412 - 418).
46
What is 14 - (-12 + -22 + 4 + (151 - -3))?
-110
What is 2 + (-7 - 1) + -1 + -26 + (44 - 37)?
-26
Calculate 40 + (24 - 31 - (3 - 5)) + -4.
31
Evaluate -1 + (-3 - (3 - -20)) + (-11 - -13).
-25
What is the value of 2 + 16 + (661 - 689) - -23?
13
What is the value of 5 + -18 + (-7 - (-10 - 2)) + 4?
-4
(-31 - (-51 + 13)) + -1 + -8
-2
Calculate -11 - (-14 - -9 - (-45 - -46)).
-5
What is the value of 79 + (-97 - (-106 - 5))?
93
(3 - (37 - 11 - 24)) + (51 - (-1 - -1))
52
(-16 + 14 - (7 - 1)) + 13 - (29 + 1)
-25
What is the value of -45 + (-27 - 0) - -19 - 29?
-82
-43 + (-21 - -41) + -13 + -10
-46
What is 0 + 72 - (2 + 32 + (-27 - 1))?
66
-26 - (-118 - -44) - 38
10
What is the value of -12 - ((41 - -13) + -65 + 31 + -1)?
-31
Calculate 23 + (-500 - -479 - (-5 - -1)).
6
Calculate 30 - (-89 + (-9 - (-3 + -36))).
89
(149 - 126) + 10 + -8
25
What is -9 + 35 + (13 - (-26 + 33))?
32
What is the value of -17 - (-25 + 24 + 2 + 15)?
-33
(-2 - -30) + 85 + (-30 - 8)
75
Evaluate (-8 + (9 - 16) + -72 + -5 - 12) + -9.
-113
Evaluate (326 - 60 - 159) + (2 - 15) + (-1 - -1).
94
(506 - 515) + (-2 + -1 - (4 - 3)) + -8
-21
Evaluate -78 + -3 + 79 + (-2 - -37).
33
Evaluate (-43 - -33) + -11 + 15.
-6
Evaluate 47 - (-25 + -84 + 64).
92
Calculate -2978 - -2993 - (1 + 13 + -1).
2
(0 - (28 - 6) - -5) + (-2 - 0 - -2)
-17
What is 54 - (32 - (3 - 59))?
-34
60 - ((20 - (-10 - -13)) + -9)
52
Evaluate -10 + -22 + 58 + -31.
-5
Evaluate 36 + (-28 - 13) + 2.
-3
Evaluate (201 - 83) + -52 - 25.
41
Evaluate (58 - 6) + (-85 - -8).
-25
Evaluate 47 + -21 + -34 + 28.
20
Calculate 49 + (13 - (-13 - -17)) - (10 + -25).
73
What is (1 + 5 - (20 + 0)) + 13 + (0 - 23)?
-24
What is (0 + 17 - -7) + -4 + 5?
25
Evaluate 0 - -40 - (3442 - 3438).
36
What is -4 - -131 - 235 - ((-3 - 8) + -1)?
-96
What is the value of 120 + -61 + 47 + -17?
89
Evaluate 1 + -2 + 64 + (-3417 - -3412).
58
Calculate 42 - (5 + 1 + (-7 - 2) + -1 + 2).
44
Evaluate -4 - (124 + -273) - 211.
-66
Evaluate -20 - (-54 + (4 - (24 - 16))).
38
(-4 - 8) + (1 - -2) + 63
54
What is (-21 - (3 - (-31 - -31) - (12 - -1))) + 157?
146
What is the value of -10 - ((-12 + (-12 - -5) - -8) + 19 + -1)?
-17
What is the value of (-17 + 35 - 24) + -5 + (67 - -3)?
59
What is the value of 9 - (7 + 22 + -9 - 2) - 53?
-62
0 - (-5 - (4 - 8)) - (-27 + 58)
-30
Calculate (-247 + 188 - -24) + (-1 - 2).
-38
What is (-21 - (-14 - -14)) + (327 - 414)?
-108
Calculate (18 - -1) + -23 + (87 - 51).
32
What is the value of -2 - 0 - (-50 + (-66 - -103))?
11
Evaluate (-7 - (9 + (-2 - 8))) + -7.
-13
145 + -112 + -32 + 6
7
Evaluate (-51 - (-5 + 4)) + (-40 - (-5 + -43)).
-42
What is 23 + (-25 - (13 + -37)) + -32?
-10
What is the value of (-14 + (42 - 13) - (15 - 12)) + 0 + -105?
-93
Calculate -9 + 42 + -49 + (21 - -2).
7
Evaluate 1 + -9 - (250 + -302 - ((-5 - -3) + -7)).
35
What is 5 - (12 + -54 + 60)?
-13
What is (132 - (-12 + 90)) + -57?
-3
Evaluate -132 + 158 - (-44 + 145).
-75
Evaluate 87 + (-59 + -40 - -60).
48
What is the value of (-21072 - -21069) + (0 - (0 - 1)) + -95 + 3?
-94
Calculate 50 - (-34 - -35) - 49 - -53.
53
-47 - (40 + -182 + 50)
45
Evaluate 54 + 38 + -2 - 31.
59
What is -35 - (-58 - (-6 + 6)) - (-1 + 0)?
24
-82 + -34 + -13 + 109
-20
What is 569 - 603 - (1 - 73)?
38
What is the value of 2 - 15 - (-20 + -9 + 16 + 9) - 71?
-80
What is the value of 85 - 4 - (-22 + -39 + 51)?
91
What is (7 + -9 - 5 - -2 - -1) + 6 + -7?
-5
Evaluate -104 + 55 + 64 - (-1 - 13).
29
Calculate (-3 - 28) + (4 + 10 - 9) + 8.
-18
Evaluate (89 - (57 + 40)) + 67.
59
Evaluate 64 + (110 - 163) + -45.
-34
Calculate -93 - (-10 - -5) - (88 + -91).
-85
Evaluate -2 + (3 - (12 + (-7 - 13))).
9
-17 - (-49 + 15) - -5
22
12 + 10 + -22 + -4 + (-1 - 14)
-19
What is 32 - 46 - (-1 + -59)?
46
(17 - 2) + -91 + 124
48
92 - (1 - -5 - -33)
53
6 + 24 + -9 + (-20 - -22)
23
Calculate 22 + -46 - (-1 - (8 + 27)).
12
Calculate 10 + 22 + -4 + -48 + -2 + (-2 - 2).
-26
Evaluate 227 + -99 - 260 - (3 + -14 + -4).
-117
Evaluate 87 + (-10 + 20 - 53).
44
Calculate -17 + (4 - (26 - 17)) - 31.
-53
What is -19 + -1 + -4 + 26 + -51 + 13?
-36
73 - (-21 - (-127 + 67))
34
What is the value of 8 + 30 + -41 + -7 + 19?
9
Evaluate -2 + -65 + 9 - -3 - (-1 + -12).
-42
What is the value of (161 - (-18 - -83)) + -152?
-56
Calculate -7 + 11 - (20 - 19) - -45.
48
Calculate 12 + -8 - -108 - (-28 - 4 - -34).
110
What is (14 - 8) + -13 - (154 - 79)?
-82
-31 - -42 - (2 + -32 + 22)
19
Evaluate -996 + 966 - (-3 + 9).
-36
Calculate 1 + 13 -